{"id":209,"date":"2018-02-19T17:32:14","date_gmt":"2018-02-19T16:32:14","guid":{"rendered":"https:\/\/pedroaroca.es\/?page_id=209"},"modified":"2023-02-20T19:40:23","modified_gmt":"2023-02-20T19:40:23","slug":"filtros-equipos-frio","status":"publish","type":"page","link":"https:\/\/pedroaroca.es\/123456nueva\/filtros-equipos-frio\/","title":{"rendered":"Filtros de equipos de fr\u00edo en Alicante"},"content":{"rendered":"<p>[vc_row][vc_column width=\u00bb1\/2&#8243;][vc_column_text]<\/p>\n<h3 class=\"avia-caption-title \" style=\"text-align: center;\"><img loading=\"lazy\" decoding=\"async\" class=\"aligncenter wp-image-1065 size-large\" src=\"https:\/\/pedroaroca.es\/123456nueva\/wp-content\/uploads\/2021\/01\/Filtros-equipos-de-frio-1024x683.jpg\" alt=\"\" width=\"843\" height=\"562\" srcset=\"https:\/\/pedroaroca.es\/123456nueva\/wp-content\/uploads\/2021\/01\/Filtros-equipos-de-frio-1024x683.jpg 1024w, https:\/\/pedroaroca.es\/123456nueva\/wp-content\/uploads\/2021\/01\/Filtros-equipos-de-frio-300x200.jpg 300w, https:\/\/pedroaroca.es\/123456nueva\/wp-content\/uploads\/2021\/01\/Filtros-equipos-de-frio-768x512.jpg 768w, https:\/\/pedroaroca.es\/123456nueva\/wp-content\/uploads\/2021\/01\/Filtros-equipos-de-frio-1536x1024.jpg 1536w, https:\/\/pedroaroca.es\/123456nueva\/wp-content\/uploads\/2021\/01\/Filtros-equipos-de-frio-600x400.jpg 600w, https:\/\/pedroaroca.es\/123456nueva\/wp-content\/uploads\/2021\/01\/Filtros-equipos-de-frio.jpg 1920w\" sizes=\"auto, (max-width: 843px) 100vw, 843px\" \/><\/h3>\n<p>[\/vc_column_text][\/vc_column][vc_column width=\u00bb1\/2&#8243;][vc_column_text]<\/p>\n<h3 class=\"avia-caption-title \" style=\"text-align: center;\">FILTROS PARA EQUIPOS DE FR\u00cdO EN ALICANTE, ESPA\u00d1A<\/h3>\n<div class=\"avia-caption-content \">\n<p style=\"text-align: justify;\">Filtros deshidratadores para instalaciones de fr\u00edo comercial. Filtros coalescentes para instalaciones de fr\u00edo industrial. Nuestra diversidad y especializaci\u00f3n nos hace crecer.<\/p>\n<\/div>\n<p>[\/vc_column_text][\/vc_column][\/vc_row]<\/p>\n","protected":false},"excerpt":{"rendered":"<p>[vc_row][vc_column width=\u00bb1\/2&#8243;][vc_column_text] [\/vc_column_text][\/vc_column][vc_column width=\u00bb1\/2&#8243;][vc_column_text] FILTROS PARA EQUIPOS DE FR\u00cdO EN ALICANTE, ESPA\u00d1A Filtros deshidratadores para instalaciones de fr\u00edo comercial. Filtros coalescentes para instalaciones de fr\u00edo&hellip;<\/p>\n","protected":false},"author":1,"featured_media":0,"parent":0,"menu_order":0,"comment_status":"closed","ping_status":"closed","template":"","meta":{"footnotes":""},"class_list":["post-209","page","type-page","status-publish","hentry"],"yoast_head":"<!-- This site is optimized with the Yoast SEO plugin v15.4 - https:\/\/yoast.com\/wordpress\/plugins\/seo\/ -->\n<title>Filtros para frio industrial \u25b7 PedroAroca<\/title>\n<meta name=\"description\" content=\"Filtros de Frio Industrial, PedroAroca, filtros para congeladores y frigorificos industriales con amplia gama en marcas de origen a precios\" \/>\n<meta name=\"robots\" content=\"index, follow, max-snippet:-1, max-image-preview:large, max-video-preview:-1\" \/>\n<link rel=\"canonical\" href=\"https:\/\/pedroaroca.es\/123456nueva\/filtros-equipos-frio\/\" \/>\n<meta property=\"og:locale\" content=\"es_ES\" \/>\n<meta property=\"og:type\" content=\"article\" \/>\n<meta property=\"og:title\" content=\"Filtros para frio industrial \u25b7 PedroAroca\" \/>\n<meta property=\"og:description\" content=\"Filtros de Frio Industrial, PedroAroca, filtros para congeladores y frigorificos industriales con amplia gama en marcas de origen a precios\" \/>\n<meta property=\"og:url\" content=\"https:\/\/pedroaroca.es\/123456nueva\/filtros-equipos-frio\/\" \/>\n<meta property=\"og:site_name\" content=\"Pedro Aroca\" \/>\n<meta property=\"article:modified_time\" content=\"2023-02-20T19:40:23+00:00\" \/>\n<meta property=\"og:image\" content=\"https:\/\/pedroaroca.es\/123456nueva\/wp-content\/uploads\/2021\/01\/Filtros-equipos-de-frio-1024x683.jpg\" \/>\n<meta name=\"twitter:card\" content=\"summary_large_image\" \/>\n<meta name=\"twitter:label1\" content=\"Escrito por\">\n\t<meta name=\"twitter:data1\" content=\"admin\">\n\t<meta name=\"twitter:label2\" content=\"Tiempo de lectura\">\n\t<meta name=\"twitter:data2\" content=\"0 minutos\">\n<script type=\"application\/ld+json\" class=\"yoast-schema-graph\">{\"@context\":\"https:\/\/schema.org\",\"@graph\":[{\"@type\":\"WebSite\",\"@id\":\"https:\/\/pedroaroca.es\/123456nueva\/#website\",\"url\":\"https:\/\/pedroaroca.es\/123456nueva\/\",\"name\":\"Pedro Aroca\",\"description\":\"Just another WordPress site\",\"potentialAction\":[{\"@type\":\"SearchAction\",\"target\":\"https:\/\/pedroaroca.es\/123456nueva\/?s={search_term_string}\",\"query-input\":\"required name=search_term_string\"}],\"inLanguage\":\"es\"},{\"@type\":\"ImageObject\",\"@id\":\"https:\/\/pedroaroca.es\/123456nueva\/filtros-equipos-frio\/#primaryimage\",\"inLanguage\":\"es\",\"url\":\"https:\/\/pedroaroca.es\/123456nueva\/wp-content\/uploads\/2021\/01\/Filtros-equipos-de-frio.jpg\",\"width\":1920,\"height\":1280},{\"@type\":\"WebPage\",\"@id\":\"https:\/\/pedroaroca.es\/123456nueva\/filtros-equipos-frio\/#webpage\",\"url\":\"https:\/\/pedroaroca.es\/123456nueva\/filtros-equipos-frio\/\",\"name\":\"Filtros para frio industrial \\u25b7 PedroAroca\",\"isPartOf\":{\"@id\":\"https:\/\/pedroaroca.es\/123456nueva\/#website\"},\"primaryImageOfPage\":{\"@id\":\"https:\/\/pedroaroca.es\/123456nueva\/filtros-equipos-frio\/#primaryimage\"},\"datePublished\":\"2018-02-19T16:32:14+00:00\",\"dateModified\":\"2023-02-20T19:40:23+00:00\",\"description\":\"Filtros de Frio Industrial, PedroAroca, filtros para congeladores y frigorificos industriales con amplia gama en marcas de origen a precios\",\"inLanguage\":\"es\",\"potentialAction\":[{\"@type\":\"ReadAction\",\"target\":[\"https:\/\/pedroaroca.es\/123456nueva\/filtros-equipos-frio\/\"]}]}]}<\/script>\n<!-- \/ Yoast SEO plugin. -->","_links":{"self":[{"href":"https:\/\/pedroaroca.es\/123456nueva\/wp-json\/wp\/v2\/pages\/209","targetHints":{"allow":["GET"]}}],"collection":[{"href":"https:\/\/pedroaroca.es\/123456nueva\/wp-json\/wp\/v2\/pages"}],"about":[{"href":"https:\/\/pedroaroca.es\/123456nueva\/wp-json\/wp\/v2\/types\/page"}],"author":[{"embeddable":true,"href":"https:\/\/pedroaroca.es\/123456nueva\/wp-json\/wp\/v2\/users\/1"}],"replies":[{"embeddable":true,"href":"https:\/\/pedroaroca.es\/123456nueva\/wp-json\/wp\/v2\/comments?post=209"}],"version-history":[{"count":2,"href":"https:\/\/pedroaroca.es\/123456nueva\/wp-json\/wp\/v2\/pages\/209\/revisions"}],"predecessor-version":[{"id":1156,"href":"https:\/\/pedroaroca.es\/123456nueva\/wp-json\/wp\/v2\/pages\/209\/revisions\/1156"}],"wp:attachment":[{"href":"https:\/\/pedroaroca.es\/123456nueva\/wp-json\/wp\/v2\/media?parent=209"}],"curies":[{"name":"wp","href":"https:\/\/api.w.org\/{rel}","templated":true}]}}