{"id":81,"date":"2017-09-11T11:46:55","date_gmt":"2017-09-11T09:46:55","guid":{"rendered":"https:\/\/pedroaroca.es\/?page_id=81"},"modified":"2023-02-20T17:53:23","modified_gmt":"2023-02-20T17:53:23","slug":"filtros-camiones","status":"publish","type":"page","link":"https:\/\/pedroaroca.es\/123456nueva\/filtros-camiones\/","title":{"rendered":"Filtros para camiones Alicante"},"content":{"rendered":"<p>[vc_row][vc_column width=\u00bb1\/2&#8243;][vc_column_text]<\/p>\n<p><img loading=\"lazy\" decoding=\"async\" class=\"aligncenter wp-image-1063 size-large\" src=\"https:\/\/pedroaroca.es\/123456nueva\/wp-content\/uploads\/2021\/01\/Filtros-camion-y-bus-1024x683.jpg\" alt=\"\" width=\"843\" height=\"562\" srcset=\"https:\/\/pedroaroca.es\/123456nueva\/wp-content\/uploads\/2021\/01\/Filtros-camion-y-bus-1024x683.jpg 1024w, https:\/\/pedroaroca.es\/123456nueva\/wp-content\/uploads\/2021\/01\/Filtros-camion-y-bus-300x200.jpg 300w, https:\/\/pedroaroca.es\/123456nueva\/wp-content\/uploads\/2021\/01\/Filtros-camion-y-bus-768x512.jpg 768w, https:\/\/pedroaroca.es\/123456nueva\/wp-content\/uploads\/2021\/01\/Filtros-camion-y-bus-1536x1024.jpg 1536w, https:\/\/pedroaroca.es\/123456nueva\/wp-content\/uploads\/2021\/01\/Filtros-camion-y-bus-600x400.jpg 600w, https:\/\/pedroaroca.es\/123456nueva\/wp-content\/uploads\/2021\/01\/Filtros-camion-y-bus.jpg 1920w\" sizes=\"auto, (max-width: 843px) 100vw, 843px\" \/><\/p>\n<p>[\/vc_column_text][\/vc_column][vc_column width=\u00bb1\/2&#8243;][vc_column_text]<\/p>\n<h3 style=\"text-align: center;\">FILTROS PARA CAMIONES Y BUS EN ALICANTE, ESPA\u00d1A<\/h3>\n<p style=\"text-align: justify;\">Calidad, variedad y amplio stock nos diferencian. Gama de filtros para autocar interurbano, urbano, cami\u00f3n de obra, espec\u00edfico, gr\u00faa m\u00f3vil, aspiradora\/barredora, volquete de basura, mezclador de hormig\u00f3n, entre otros.<\/p>\n<p style=\"text-align: justify;\">Filtros de aire primario y secundario, aceite, secadores de aire, combustible, habit\u00e1culo, pilotaje, y m\u00e1s.<\/p>\n<p>[\/vc_column_text][\/vc_column][\/vc_row]<\/p>\n","protected":false},"excerpt":{"rendered":"<p>[vc_row][vc_column width=\u00bb1\/2&#8243;][vc_column_text] [\/vc_column_text][\/vc_column][vc_column width=\u00bb1\/2&#8243;][vc_column_text] FILTROS PARA CAMIONES Y BUS EN ALICANTE, ESPA\u00d1A Calidad, variedad y amplio stock nos diferencian. Gama de filtros para autocar interurbano,&hellip;<\/p>\n","protected":false},"author":1,"featured_media":1063,"parent":0,"menu_order":0,"comment_status":"closed","ping_status":"closed","template":"","meta":{"footnotes":""},"class_list":["post-81","page","type-page","status-publish","has-post-thumbnail","hentry"],"yoast_head":"<!-- This site is optimized with the Yoast SEO plugin v15.4 - https:\/\/yoast.com\/wordpress\/plugins\/seo\/ -->\n<title>Filtros de Aire, Aceite y Gasoil para Camion \u25b7 PedroAroca<\/title>\n<meta name=\"description\" content=\"Filtros de Aire, para cami\u00f3n, distribuidores de filtros de aceite, gasoil y aire para cami\u00f3nes MERCEDES, VOLVO, MAN, RENAULT, DAF, IVECO. Consulte precios\" \/>\n<meta name=\"robots\" content=\"index, follow, max-snippet:-1, max-image-preview:large, max-video-preview:-1\" \/>\n<link rel=\"canonical\" href=\"https:\/\/pedroaroca.es\/123456nueva\/filtros-camiones\/\" \/>\n<meta property=\"og:locale\" content=\"es_ES\" \/>\n<meta property=\"og:type\" content=\"article\" \/>\n<meta property=\"og:title\" content=\"Filtros de Aire, Aceite y Gasoil para Camion \u25b7 PedroAroca\" \/>\n<meta property=\"og:description\" content=\"Filtros de Aire, para cami\u00f3n, distribuidores de filtros de aceite, gasoil y aire para cami\u00f3nes MERCEDES, VOLVO, MAN, RENAULT, DAF, IVECO. Consulte precios\" \/>\n<meta property=\"og:url\" content=\"https:\/\/pedroaroca.es\/123456nueva\/filtros-camiones\/\" \/>\n<meta property=\"og:site_name\" content=\"Pedro Aroca\" \/>\n<meta property=\"article:modified_time\" content=\"2023-02-20T17:53:23+00:00\" \/>\n<meta property=\"og:image\" content=\"https:\/\/pedroaroca.es\/123456nueva\/wp-content\/uploads\/2021\/01\/Filtros-camion-y-bus.jpg\" \/>\n\t<meta property=\"og:image:width\" content=\"1920\" \/>\n\t<meta property=\"og:image:height\" content=\"1280\" \/>\n<meta name=\"twitter:card\" content=\"summary_large_image\" \/>\n<meta name=\"twitter:label1\" content=\"Escrito por\">\n\t<meta name=\"twitter:data1\" content=\"admin\">\n\t<meta name=\"twitter:label2\" content=\"Tiempo de lectura\">\n\t<meta name=\"twitter:data2\" content=\"0 minutos\">\n<script type=\"application\/ld+json\" class=\"yoast-schema-graph\">{\"@context\":\"https:\/\/schema.org\",\"@graph\":[{\"@type\":\"WebSite\",\"@id\":\"https:\/\/pedroaroca.es\/123456nueva\/#website\",\"url\":\"https:\/\/pedroaroca.es\/123456nueva\/\",\"name\":\"Pedro Aroca\",\"description\":\"Just another WordPress site\",\"potentialAction\":[{\"@type\":\"SearchAction\",\"target\":\"https:\/\/pedroaroca.es\/123456nueva\/?s={search_term_string}\",\"query-input\":\"required name=search_term_string\"}],\"inLanguage\":\"es\"},{\"@type\":\"ImageObject\",\"@id\":\"https:\/\/pedroaroca.es\/123456nueva\/filtros-camiones\/#primaryimage\",\"inLanguage\":\"es\",\"url\":\"https:\/\/pedroaroca.es\/123456nueva\/wp-content\/uploads\/2021\/01\/Filtros-camion-y-bus.jpg\",\"width\":1920,\"height\":1280},{\"@type\":\"WebPage\",\"@id\":\"https:\/\/pedroaroca.es\/123456nueva\/filtros-camiones\/#webpage\",\"url\":\"https:\/\/pedroaroca.es\/123456nueva\/filtros-camiones\/\",\"name\":\"Filtros de Aire, Aceite y Gasoil para Camion \\u25b7 PedroAroca\",\"isPartOf\":{\"@id\":\"https:\/\/pedroaroca.es\/123456nueva\/#website\"},\"primaryImageOfPage\":{\"@id\":\"https:\/\/pedroaroca.es\/123456nueva\/filtros-camiones\/#primaryimage\"},\"datePublished\":\"2017-09-11T09:46:55+00:00\",\"dateModified\":\"2023-02-20T17:53:23+00:00\",\"description\":\"Filtros de Aire, para cami\\u00f3n, distribuidores de filtros de aceite, gasoil y aire para cami\\u00f3nes MERCEDES, VOLVO, MAN, RENAULT, DAF, IVECO. Consulte precios\",\"inLanguage\":\"es\",\"potentialAction\":[{\"@type\":\"ReadAction\",\"target\":[\"https:\/\/pedroaroca.es\/123456nueva\/filtros-camiones\/\"]}]}]}<\/script>\n<!-- \/ Yoast SEO plugin. -->","_links":{"self":[{"href":"https:\/\/pedroaroca.es\/123456nueva\/wp-json\/wp\/v2\/pages\/81","targetHints":{"allow":["GET"]}}],"collection":[{"href":"https:\/\/pedroaroca.es\/123456nueva\/wp-json\/wp\/v2\/pages"}],"about":[{"href":"https:\/\/pedroaroca.es\/123456nueva\/wp-json\/wp\/v2\/types\/page"}],"author":[{"embeddable":true,"href":"https:\/\/pedroaroca.es\/123456nueva\/wp-json\/wp\/v2\/users\/1"}],"replies":[{"embeddable":true,"href":"https:\/\/pedroaroca.es\/123456nueva\/wp-json\/wp\/v2\/comments?post=81"}],"version-history":[{"count":2,"href":"https:\/\/pedroaroca.es\/123456nueva\/wp-json\/wp\/v2\/pages\/81\/revisions"}],"predecessor-version":[{"id":1151,"href":"https:\/\/pedroaroca.es\/123456nueva\/wp-json\/wp\/v2\/pages\/81\/revisions\/1151"}],"wp:featuredmedia":[{"embeddable":true,"href":"https:\/\/pedroaroca.es\/123456nueva\/wp-json\/wp\/v2\/media\/1063"}],"wp:attachment":[{"href":"https:\/\/pedroaroca.es\/123456nueva\/wp-json\/wp\/v2\/media?parent=81"}],"curies":[{"name":"wp","href":"https:\/\/api.w.org\/{rel}","templated":true}]}}